?
-43120
In base 3, what is -2102 - 20120?
-22222
In base 11, what is 123 - 294?
-171
In base 13, what is -c3301 + 3?
-c32cb
In base 4, what is 121 - 330322?
-330201
In base 12, what is -3b34 + 7?
-3b29
In base 4, what is 1300201 - -22?
1300223
In base 12, what is 6 - 33493a?
-334934
In base 11, what is -3a885 + -4?
-3a889
In base 3, what is 121212 - -110222?
1002211
In base 14, what is -209b - 1?
-209c
In base 7, what is 1145366 - 5?
1145361
In base 6, what is 32052 - -230?
32322
In base 16, what is -10 - 40ec0?
-40ed0
In base 5, what is 13 + -1141?
-1123
In base 10, what is 21 - 9693?
-9672
In base 15, what is -9ac51 + -2?
-9ac53
In base 6, what is -2503 - 12?
-2515
In base 9, what is 1 + -178461?
-178460
In base 3, what is -2000 + 1121202?
1112202
In base 14, what is -2687 + -4?
-268b
In base 6, what is -1105304 - 225?
-1105533
In base 13, what is 192 - -75?
237
In base 3, what is 1011 + 1201112?
1202200
In base 10, what is 9169 - -2?
9171
In base 12, what is -3ba67 + 8?
-3ba5b
In base 12, what is -56425 + 2?
-56423
In base 5, what is 2214023 - 2?
2214021
In base 3, what is -21221 - 12010?
-111001
In base 13, what is 1 - -9177?
9178
In base 7, what is 3 + 301452?
301455
In base 9, what is 10800 + -211?
10578
In base 12, what is 17164 - -157?
172bb
In base 10, what is -583 - 821?
-1404
In base 11, what is 1190a0 - -1?
1190a1
In base 14, what is -494b - -1?
-494a
In base 14, what is -6 + 5380c?
53806
In base 7, what is 650511 + 2?
650513
In base 14, what is -12 + -512?
-524
In base 10, what is 77 + 407?
484
In base 14, what is -178 + 23d?
a5
In base 2, what is -111100 + -10000101101?
-10001101001
In base 13, what is -3 - -a8c9?
a8c6
In base 7, what is -3503522 + -5?
-3503530
In base 10, what is 13 + 944?
957
In base 12, what is -4a + 3323?
3295
In base 2, what is -10001100011110 - -101010?
-10001011110100
In base 15, what is -6 + 25de8?
25de2
In base 13, what is 3 + 50192?
50195
In base 3, what is -21 - -11200222210?
11200222112
In base 16, what is 2e + 493?
4c1
In base 8, what is 21761 - 3?
21756
In base 2, what is 1001110101110001 + 10001?
1001110110000010
In base 7, what is 55542 - 3?
55536
In base 2, what is 101001110000010100 - -1000?
101001110000011100
In base 15, what is 0 + 1019?
1019
In base 7, what is -10044231 - -1?
-10044230
In base 7, what is 4412 + 154?
4566
In base 9, what is -3 + -302867?
-302871
In base 14, what is -2b8a - -2?
-2b88
In base 4, what is -2013213100 + 20?
-2013213020
In base 13, what is 12 + 8421?
8433
In base 8, what is -76776 - -4?
-76772
In base 11, what is 253aa37 - -3?
253aa3a
In base 3, what is -22 + 101?
2
In base 11, what is -9892 + 266?
-9627
In base 9, what is -125 - 47?
-173
In base 4, what is 2 - -233200?
233202
In base 11, what is -15 + -3004?
-3019
In base 10, what is 85728 - -4?
85732
In base 14, what is -41 + -3c6?
-427
In base 4, what is 22310111110 - -10?
22310111120
In base 15, what is -1 - 4871?
-4872
In base 4, what is 31031 + -2?
31023
In base 2, what is -100 - 10110101100?
-10110110000
In base 16, what is -1 + 169f?
169e
In base 5, what is -20342 + 20?
-20322
In base 3, what is -2 - -10222?
10220
In base 6, what is 13345 + 11?
13400
In base 6, what is -1423 - 44?
-1511
In base 11, what is -19829 + -3?
-19831
In base 14, what is -34d3b + 0?
-34d3b
In base 11, what is -2 - 33841?
-33843
In base 8, what is -120 + 113625?
113505
In base 16, what is -132 - bf?
-1f1
In base 13, what is -21b8b - 0?
-21b8b
In base 3, what is 21 + 12010111?
12010202
In base 15, what is 2e37 - 3?
2e34
In base 14, what is -2c7b - -73?
-2c08
In base 15, what is 507 + 142?
649
In base 5, what is -4022 + -1430?
-11002
In base 9, what is -1080 + -351?
-1441
In base 5, what is -241423340 + -4?
-241423344
In base 10, what is -74793 - -2?
-74791
In base 6, what is 5 + 3534550?
3534555
In base 12, what is 371 - 195?
198
In base 14, what is 14c5b - -15?
14c72
In base 6, what is 320 + 3210?
3530
In base 15, what is -285 - -7bb?
536
In base 2, what is -111101001010 + -101111?
-111101111001
In base 15, what is 256423 - -3?
256426
In base 9, what is 30104 + 7?
30112
In base 16, what is 51be + -8?
51b6
In base 4, what is 0 + 1233122?
1233122
In base 15, what is 1bb4 - -17?
1bcb
In base 13, what is -86bb6 - 3?
-86bb9
In base 2, what is -1111111100001110 - -10?
-1111111100001100
In base 16, what is 98c + b9?
a45
In base 11, what is 41 + -13444?
-13403
In base 11, what is -35 + -4a410?
-4a445
In base 6, what is 205 + -134402?
-134153
In base 11, what is -120 - 8a?
-1aa
In base 9, what is 4 - 24470?
-24465
In base 12, what is 6a26 + -4?
6a22
In base 11, what is 128875 - -1?
128876
In base 2, what is 1111 - 100010011111101?
-100010011101110
In base 9, what is -320362 + 3?
-320358
In base 7, what is 2546 - -61?
2640
In base 13, what is 2a0c + -1b?
29c1
In base 2, what is -1110001010110 + -1?
-1110001010111
In base 7, what is 24455 - 1?
24454
In base 11, what is -8938a + -4?
-89393
In base 8, what is -117 - 22570?
-22707
In base 13, what is -4a2 - 69?
-53b
In base 16, what is e4c87 + -3?
e4c84
In base 14, what is 191 + -646?
-495
In base 7, what is -1 - -316013?
316012
In base 12, what is 95 + 1746?
181b
In base 3, what is 12 + -1121111022122?
-1121111022110
In base 5, what is 113112 + 431?
114043
In base 11, what is -1 + -10536?
-10537
In base 4, what is -3 - -132130?
132121
In base 10, what is -4 + 16049?
16045
In base 7, what is 6331 - 311?
6020
In base 15, what is -19e91 + 1?
-19e90
In base 5, what is -1 + 334333?
334332
In base 15, what is -c1ab1 - 4?
-c1ab5
In base 10, what is 404 - 3745?
-3341
In base 7, what is 15 + 413266?
413314
In base 6, what is -11405124 - -4?
-11405120
In base 11, what is 56 - 192?
-137
In base 14, what is -2c - -c0ad?
c081
In base 10, what is 4 - 601947?
-601943
In base 13, what is -12 + 2a33?
2a21
In base 2, what is -1011010001100 - 1110?
-1011010011010
In base 9, what is 2 - -78832?
78834
In base 10, what is 120 + 73?
193
In base 7, what is -120 + 15040?
14620
In base 12, what is -51 + -8a84?
-8b15
In base 2, what is 11111010001000000110 + 1?
11111010001000000111
In base 11, what is -3 + 135002?
134aaa
In base 6, what is -34 - 11022?
-11100
In base 15, what is 28e0b - 0?
28e0b
In base 9, what is 2878 + 12?
3001
In base 14, what is 646 + 32?
678
In base 6, what is -3353054 - -2?
-3353052
In base 2, what is 100011010101 + 1000110?
100100011011
In base 16, what is 4 - 1453?
-144f
In base 15, what is -40cc + 1?
-40cb
In base 7, what is 1 + 435001?
435002
In base 5, what is 4 + 342233?
342242
In base 10, what is -54581 - -15?
-54566
In base 8, what is -11324 + -262?
-11606
In base 14, what is -87 + c0?
37
In base 11, what is 5 + -8264?
-825a
In base 5, what is -211010 - 4?
-211014
In base 9, what is 135 + -2?
133
In base 11, what is -6515396 - 3?
-6515399
In base 4, what is -1003301 + 10?
-1003231
In base 15, what is 4 - 8970?
-896b
In base 8, what is -643422 - -3?
-643417
In base 13, what is -1059 - -bc?
-c6a
In base 13, what is 5 - 48542a?
-485425
In base 9, what is 1422 - 70?
1342
In base 14, what is -5 + 33708?
33703
In base 13, what is -7087 + -2?
-7089
In base 13, what is -716a - 11?
-717b
In base 5, what is 111420 - -22?
111442
In base 16, what is -805 - 66?
-86b
In base 16, what is 12225 - -1?
12226
In base 8, what is -370 + -1074?
-1464
In base 10, what is -265 + -876?
-1141
In base 3, what is 0 + 112101001?
112101001
In base 5, what is 2 - -414134324?
414134331
In base 14, what is 22c - -2b1?
4dd
In base 4, what is 11222300 + 10?
11222310
In base 15, what is 52 + -1332?
-12d0
In base 9, what is 20812 - -21?
20833
In base 10, what is -14399 + 6?
-14393
In base 2, what is 111111011 + 10010001001?
11010000100
In base 16, what is -105 + 63?
-a2
In base 4, what is -220331 - -111?
-220220
In base 11, what is -12 - -22a2a?
22a18
In base 9, what is -530 + 30?
-500
In base 16, what is 4 + 33b?
33f
In base 15, what is e - a50?
-a41
In base 5, what is -1 - 4331103?
-4331104
In base 5, what is 340040 + 0?
340040
In base 9, what is 18 - -4381?
4410
In base 12, what is bb - -6728?
6827
In base 7, what is -110 - 36?
-146
In base 10, what is 511264 - -4?
511268
In base 16, what is 0 + -b3403?
-b3403
In base 16, what is -12 + 2d9?
2c7
In base 11, what is -379 + -a21?
-129a
In base 4, what is 2102 + 1003?
3111
I